d derivative of 1/24*k**4 + y*k - 3*k**2 + 0 - 1/3*k**3. What is v(-3)?
-5
Let f(j) = -2038 + 1021 + 8*j + 1024. What is f(-2)?
-9
Let g(y) = -8*y**3 + 67*y**2 + 89*y + 23. Let l(i) = 3*i**3 - 22*i**2 - 30*i - 7. Let r(q) = -4*g(q) - 11*l(q). What is r(-25)?
10
Let v(d) be the second derivative of -d**5/10 - d**4 - 11*d**3/6 - 11*d**2/2 - 479*d. Calculate v(-5).
-6
Let d(h) be the first derivative of -h**4/24 + 4*h**3/3 + 13*h**2/2 - 13. Let x(l) be the second derivative of d(l). Determine x(6).
2
Let k = 105 - 110. Let i(q) = 3*q + 3. Let h(y) = 4*y + 3. Let o(b) = k*i(b) + 4*h(b). Determine o(4).
1
Let v(n) = n**2 - 11*n - 7. Let f(u) = -3*u - 3. Let x(i) = 3*f(i) - v(i). Determine x(4).
-10
Let f(o) = 3*o - 10. Let z = 862 - 872. Give f(z).
-40
Let t(g) = -g**2 - 9*g - 1. Suppose -5*s = k + 2*k - 214, -4*s = -k + 94. Let c = k - 87. Determine t(c).
-1
Let d(w) = -w**2 + 3. Suppose -3*t = 3*z + z - 6, 5*z + 2 = t. Give d(z).
3
Let j = 41/83 + 1/166. Let i(r) be the first derivative of -3 + r + j*r**2. What is i(2)?
3
Let k(m) = 5 + m - 4*m + m. Let z(x) = -8*x + 20. Let q(s) = 9*k(s) - 2*z(s). Let d = 3 + 2. Determine q(d).
-5
Let j(r) = r**2 - 6*r - 11. Let m(y) = -11*y**3 - 2*y + 2. Let d be m(1). Let c = d - -19. Determine j(c).
5
Let u(q) = -q**2 - 3*q + 5. Let y(a) = a**2 + 3*a - 5. Let c be y(-5). Suppose 2*n = 3*n + 3*i + 16, -c*i = -3*n + 8. Give u(n).
1
Let n(i) = -i**2. Suppose -5*y - 4*w + 31 = -0*y, -4*w = -5*y + 39. Let k(m) = m - 9. Let t be k(y). Determine n(t).
-4
Let a(b) = -b - 1. Let p be a(3). Let m(h) be the third derivative of -h**4/12 + h**3/3 + 3*h**2. Give m(p).
10
Let s(o) = -o**2 - 8*o - 12. Let g be (-100)/18 - 72/162. Determine s(g).
0
Let r(z) = -43 + 44 + 12*z + 5*z + 0*z. Suppose 0 = 2*t - 7*t + 5. Let j be 2 + t + -3 + 1. Calculate r(j).
18
Let t(d) be the third derivative of d**5/60 - 5*d**4/12 + d**3/2 - 6*d**2 - 14. What is t(9)?
-6
Let m(c) = -c + 18. Let r = -69 - -27. Let y be (-1)/(-1 + (-39)/r). Let z be m(y). Let j(u) = -3*u + 6. Give j(z).
-6
Let z(s) = -s**2 - 6*s - 1. Let t be ((-1)/2)/(2/24). Let o be z(t). Let x be -2 + (7 - (0 + o)). Let v(n) = n**2 - 8*n + 9. Calculate v(x).
-3
Let d = -3 - -1. Suppose 6*p - 5 = 85. Let t(j) = -5*j**2 + j**3 - 3*j + p - 15 + 3*j**2. Give t(d).
-10
Let l(d) = 2*d**2 - 2 + 2 - 2*d**3 + 7*d - 12*d + 2*d. Suppose -4*r - 12 = -4*v - v, -3*r - 14 = -5*v. Give l(r).
-14
Suppose 2*s - 20 = 2*u, s - 12 = -u + 3*u. Let x(t) = 0 + 1 + t**2 - 2 + s*t - 2. Calculate x(-7).
-10
Let n be (-741)/(-143) - 4/22. Let v(g) be the third derivative of g**4/8 - g**3 - 42*g**2. Determine v(n).
9
Let i(t) = 4*t - 5. Let c(a) = -a**2 + 9*a - 13. Let g be c(3). Calculate i(g).
15
Let f be 4 + 0 - (-1 - -1). Let y(n) = 3*n - f*n + 2*n - 3*n. What is y(-2)?
4
Let j(y) be the third derivative of -y**6/360 + y**5/60 - y**4/8 + y**3/6 + 4*y**2. Let p(d) be the first derivative of j(d). Let n = -16 + 20. Give p(n).
-11
Let d(z) = z**2 + z - 5. Suppose 5 = v - 5. Suppose p - 2 = 3*m, 4*m = -5*p - 0*p + v. Determine d(m).
-5
Let v(m) = 13*m**3 - 12*m**2 - 19*m + 33. Let u(d) = -36*d**3 + 36*d**2 + 56*d - 98. Let i(l) = -4*u(l) - 11*v(l). Determine i(13).
3
Suppose 33 = 49*r - 38*r. Let x(v) be the first derivative of r + v - 1/2*v**2. Calculate x(3).
-2
Let f(g) = -g + 2. Suppose -3*h = -h - 114. Let x = -60 + h. What is f(x)?
5
Let n = 44 - 32. Let l be (n/24)/(2/(-24)). Let r(w) = -w**3 - 8*w**2 + 12*w + 4. Let q(u) = -u**3 - 7*u**2 + 11*u + 5. Let a(m) = -3*q(m) + 2*r(m). Give a(l).
11
Let k = 30 - 24. Let m(c) = 0*c + c**2 + 2 + c - 3. Let j(d) = 7*d**2 + 9*d - 7. Let f(b) = k*m(b) - j(b). Determine f(2).
-9
Let l(a) be the third derivative of a**2 + 0*a - 1/24*a**4 - 1/60*a**5 + 0*a**3 - 1/120*a**6 + 0. Determine l(-2).
6
Let d(u) = 5*u**2 + 43*u - 15. Let n = 1309 - 1318. Calculate d(n).
3
Let w(c) = c + 9. Let o be w(8). Suppose t + 5*y = -1, -3*t + y + o = -4*y. Suppose -t*d = -22 + 6. Let q(k) = k**3 - 4*k**2 + k - 4. Calculate q(d).
0
Let f be (-41)/(-4) + 2/(-8). Let u = 4 - f. Let r(t) = -13*t + 3*t + 2*t**2 - 2*t**2 - t**2 + 1 + 3*t. Calculate r(u).
7
Let a(g) be the second derivative of 0 + 1/3*g**3 - 3*g**2 - g. Determine a(7).
8
Let s(t) = -10. Let d(m) = -m**2 - 5*m - 7. Let h(g) = d(g) - 2*s(g). What is h(-9)?
-23
Let z(c) = 4*c**3 + c**2 - c. Suppose -3*x - 12 = -69. Let s = -18 + x. Determine z(s).
4
Let d(o) = o**3 + 4*o**2 - o - 2. Suppose 2*b - 3 = 3*f - 0, 3*f = -b - 3. Let a(j) = -5*j - 4. Let q be a(b). Determine d(q).
2
Let t = 13 - 4. Let l(s) = -2*s + 3*s + t + 0*s. Let v(y) = 3*y**3 - 69*y**2. Let h be v(23). Calculate l(h).
9
Let z = -21 - -23. Let k(n) = n - n + 2*n + 4 + z. Give k(-5).
-4
Let u(z) be the second derivative of -z**3/3 + 7*z**2 + 25*z - 1. What is u(5)?
4
Let g(y) = y**3 + y**2 - 2*y. Let z(a) be the first derivative of -a**2/2 - 16*a + 2. Let v be z(-14). Determine g(v).
0
Suppose -15 = -2*r - 7. Let f(h) = 0*h**2 + 5 + 2*h + 0*h**2 + 4*h**2 - h**3. What is f(r)?
13
Suppose 8*h = 16*h - 16. Let y(g) be the third derivative of 1/24*g**4 + 0*g + 4*g**h + 0*g**3 + 0 + 2/15*g**5. What is y(-1)?
7
Let b(v) = 4*v - 16*v + 1 + 10*v. Calculate b(1).
-1
Let w(g) = g**3 - 8*g**2 + 11*g - 1. Suppose -3*c = -8*c + 30. Let y be w(c). Let m(t) = -t**2 - 8*t - 8. What is m(y)?
-1
Let d(w) be the first derivative of 5*w**2/2 - 2*w - 12. Let t(y) = y**2 - 11*y + 12. Let v be t(10). Determine d(v).
8
Suppose -525*p = -522*p + 18. Let l(v) = v**2 + 14*v. Calculate l(p).
-48
Let q(v) = -3*v - 2. Let h be (-8)/10*(-20)/(-8). Let p be q(h). Let m(z) = -8*z + 3. Let y(a) = -27*a + 8. Let d(k) = -7*m(k) + 2*y(k). Calculate d(p).
3
Let h(q) = q**2 + 6*q + 3. Let m be (-22)/44 + (-13)/2. Determine h(m).
10
Let b(y) = y - 7. Let h be 20/12 - (-2)/(-3). Let a = 1 + h. Suppose 3*l + 1 = a*z + 5, -2 = -2*l + z. Give b(l).
-7
Let y(h) be the second derivative of 0 - 2*h**2 - 1/30*h**5 - 5*h + 1/3*h**3 - 1/8*h**4. Let o(a) be the first derivative of y(a). Calculate o(-3).
-7
Let i(z) = -2*z**3 - 13*z**2 + z - 22. Let h(y) = 2*y**3 + 15*y**2 - y + 25. Let a(p) = 6*h(p) + 7*i(p). Give a(3).
-64
Let u(a) = 2*a**2 - 4*a**2 - 6*a + 4*a**2 - 4*a**2 + a**2 - 10. What is u(-7)?
-17
Let c(z) = -z**2 + 3. Suppose -5*g + 4*k = -8*g - 6, 4*g - k + 8 = 0. What is c(g)?
-1
Let m(p) = p + 3. Suppose 10*s = 410 - 430. What is m(s)?
1
Let r(k) = 7*k + 9. Let z(g) = -20*g - 26. Let d(h) = 17*r(h) + 6*z(h). Let j(f) = f**3 - 5*f**2 + 5*f - 4. Let b = 2 + 2. Let a be j(b). Determine d(a).
-3
Let k be (10/4 - (-2)/(-4))*1. Let p(d) = -k*d + 0*d + 55*d**2 - 59*d**2 + 4 - d**3. Give p(-3).
1
Let g be (1*(-8)/8)/((-1)/(-2)). Let h(o) = -2*o**2 - o + 2. Determine h(g).
-4
Let o(s) be the first derivative of 0*s - 1/6*s**3 - 7 + s**2 - 1/60*s**5 - 1/8*s**4. Let u(b) be the second derivative of o(b). What is u(-3)?
-1
Let j(c) be the second derivative of -c**4/12 + 3*c**3/2 + 4*c**2 + 154*c. Calculate j(7).
22
Let i(l) be the first derivative of -l**6/120 - l**5/20 + l**4/24 + l**3/6 + 8*l**2 - 13. Let p(u) be the second derivative of i(u). What is p(-2)?
-5
Let y(v) be the third derivative of v**6/120 - 7*v**5/60 + 7*v**4/24 - 2*v**3/3 + 622*v**2. Let z(t) = 4*t**2 - 4*t**2 + t**3 - t. Let p be z(2). What is y(p)?
2
Let r(q) = 11*q - 13. Let z(h) = -8*h + 6*h + 28 - 10*h - 10*h. Let u(n) = 13*r(n) + 6*z(n). Give u(2).
21
Let c(o) = o**2 + 3*o - 1. Let p = 47 - 42. Suppose -3*f = z - p*z, -20 = 5*f. Calculate c(z).
-1
Let z(h) = 2*h - 16. Let w be 2/(((-8)/40)/(12/(-10))). Determine z(w).
8
Let m(w) = w + 1. Let o be 3/18 - (-1)/(-6). Suppose -9 = s - 4*s. Suppose 0 = -l - o*l - s. Give m(l).
-2
Let p(h) = 19*h**2 - 4*h + 4. Let c(n) = 15*n**2 - 2*n + 2. Let j(m) = 5*c(m) - 4*p(m). Calculate j(5).
-1
Let k(y) = 7*y**2 - 3*y. Let f(o) = o**2 + 15*o + 58. Let u be f(-8). Suppose -u*b = -3*p + b - 3, -3*b + 15 = 3*p. Give k(p).
22
Let t(a) = a**3 - 7*a**2 - 20*a + 20. Let s be t(9). Let o(w) = 16*w**2 - 1 + s*w - 39*w**2 + 25*w**2. Suppose -2*q - 11 = -i, -3*i - i = q + 1. What is o(i)?
3
Let g(o) be the first derivative of o**2 - o - 38. Determine g(-4).
-9
Suppose 0 = x - a - 9, 11 = 5*a + 31. Let t(l) = 2 - 3*l - l**2 - x - 3 + 4. What is t(-3)?
-2
Let z = 4 - 4. Let g(x) be the second derivative of 